 factors of c(-4).
3
Let s = 80 - 50. Suppose 0 = 3*u + d + 3 - 42, -3*u = 4*d - s. What are the prime factors of u?
2, 7
Let d be 8/20 + 4/(-10). Suppose d = -b - b. Suppose b = 6*o - 3*o - 27. What are the prime factors of o?
3
Suppose -4*z + 70 = -z - p, 0 = -3*z + 4*p + 73. List the prime factors of z.
23
Let a be 6/(-27)*-3*12. Let w = a - -2. List the prime factors of w.
2, 5
Suppose 2*a + 1 = 3*a. Suppose 9 = 4*p + a. Suppose 4*r + 2*n - 12 = -p*n, -1 = -r + n. What are the prime factors of r?
2
Suppose -t + 80 = 5*j, -4*j = -0*t - 3*t - 45. Let u = j + -7. What are the prime factors of u?
2
Suppose g = 5*g - 8. Suppose 7 = 4*k + q - 7, -2*k + 4 = g*q. What are the prime factors of k?
2
Suppose 7 = u + 2*t - 46, 5*t = -u + 44. Let l = -37 + u. What are the prime factors of l?
2, 11
What are the prime factors of -157*(-3)/(-6)*-2?
157
Let z(j) = -j**3 - 11*j**2 + 12*j + 14. List the prime factors of z(-12).
2, 7
Suppose -5*v = 4*g - 170, 2*v - 4*v + 5*g + 101 = 0. Let y = v + -23. List the prime factors of y.
3, 5
Let c = 23 - 19. Suppose -99 = -c*m + 13. List the prime factors of m.
2, 7
Let a = -2 + 4. Suppose -2*i + 2*m = -58, a*i + 2*i - 88 = -3*m. List the prime factors of i.
5
Suppose 5*f - 5*a = 20, 0 = f + 3*a - 3 - 1. Suppose p - 7 = -f. List the prime factors of p.
3
Let k(s) = -2*s**2 + 8*s + 3. Let c be k(4). Suppose -260 = -5*l - c*u, -5*l - 5*u + 59 = -191. List the prime factors of l.
5, 11
Let j(v) = 7*v**2 + 10*v. Let a(x) = -x**2 + 1. Let w be (-4)/(-8) - (-1)/2. Let k(g) = w*j(g) + 6*a(g). What are the prime factors of k(-10)?
2, 3
Let y(n) = 16*n + 14. Let m be y(-6). Let x = m + 123. What are the prime factors of x?
41
Let w = -17 + 20. Suppose -w*t + 46 = -23. List the prime factors of t.
23
Suppose 35*t = 29*t + 1716. What are the prime factors of t?
2, 11, 13
Let l = 1 + 0. Let y(s) be the third derivative of 5*s**4/12 + s**3/6 - 10*s**2. What are the prime factors of y(l)?
11
Suppose 5*l - 2*l - 3 = 0. Suppose -7 = -4*y + l. List the prime factors of y.
2
Let q(t) = -3*t**2 - 5 - t**2 - 3*t**2 + 8*t**2 + 6*t. List the prime factors of q(-10).
5, 7
Let j = 195 - 64. Suppose -4*v = -n - j, 2*n - n = 5*v - 163. What are the prime factors of v?
2
Suppose 0*r + 2*r - 2 = -2*l, -2*l = 2. Suppose -r*y = y + 66. What are the prime factors of ((-10)/5)/(4/y)?
11
Let f be (-172)/(-16) - (-2)/8. Suppose n - 4*o + f + 0 = 0, -4*o = 5*n - 41. Suppose -x + 9 = -n*w, -2*x - 2*w = -6*x + 36. List the prime factors of x.
3
Let n = 5 - -5. What are the prime factors of n?
2, 5
Let r(l) = -l - 2. Let u be r(-7). Suppose 10*b = u*b + 95. List the prime factors of b.
19
Let a(d) = 3*d**3 - 4*d**2 - 6*d - 4. Let i(q) = q**3 - 2*q**2 - 3*q - 2. Let f(m) = -2*a(m) + 5*i(m). What are the prime factors of f(-2)?
2
Let k = -22 - -41. List the prime factors of k.
19
Let o(l) = -5*l**3 + 10*l**2 - 16*l - 2. Let i(z) = 9*z**3 - 20*z**2 + 31*z + 4. Let j(r) = 6*i(r) + 11*o(r). Let d = 2 + -13. List the prime factors of j(d).
13
Let p be 100/4 + (-4)/2. Suppose 5*l = 4*l + p. What are the prime factors of l?
23
Let m be 2/(-2 + 36/15). Let o(y) = 3 - 1 - y**3 - 2*y - m*y**2 + 0*y**3. What are the prime factors of o(-5)?
2, 3
Suppose -6*d + 2*d - 2*a + 22 = 0, 4*d - 4*a = 28. Let f = 7 + d. What are the prime factors of f?
13
Suppose u + g - 8 = 0, -3*g - 3 = -15. Suppose -i + 0*i + 5*j = -26, 3*i + u*j = 78. What are the prime factors of i?
2, 13
Let a = -306 - -186. What are the prime factors of 7*a/28*-1?
2, 3, 5
Let b(x) be the first derivative of 2*x - 1/3*x**3 + 2 + 5*x**2. What are the prime factors of b(9)?
11
Let u be 1 + 62 - (4 + -4). Suppose 0 = -3*g - b + 105, 2*g + 3*b = u. What are the prime factors of g?
2, 3
Suppose 2*s = -5*l + 6*s + 309, -264 = -4*l - s. List the prime factors of l.
5, 13
Suppose -2*l - l = -210. What are the prime factors of l?
2, 5, 7
List the prime factors of 7776/168 + ((-9)/7 - -1).
2, 23
Let t be ((-2)/3)/((-5)/(-15)). Let x be 4 - (3/(-3) - t). Let d(w) = w**2 + w - 1. List the prime factors of d(x).
11
Suppose 41 + 13 = 2*i. What are the prime factors of i/12 + (-1)/4?
2
Suppose c - 5*c + 356 = 0. What are the prime factors of c?
89
Suppose 2*w + 58 = -0*p - 5*p, 4*p + 4*w + 56 = 0. What are the prime factors of ((-1 - -2)*p)/(-1)?
2, 5
Suppose -5*n = 3*m - 839, 125 = -5*n - 5*m + 970. List the prime factors of n.
2, 83
Let n(f) = f**3 - f**2 - 27*f + 9. List the prime factors of n(9).
2, 3, 23
Let a(w) = -w**2 - 7*w + 2. Let d be a(-7). Suppose 3 = -j + d. Let i = 6 + j. What are the prime factors of i?
5
Let w be -2 + 3/(-3) + 5. Suppose -5*i - 6 = -3*a - a, -w*a + 4*i = 0. List the prime factors of a.
2
Suppose 72 = 3*t + 3*l, 3*l + 72 = 3*t - 18. Suppose -4*y + t = 11. Suppose 4*c - 22 = -x - y*x, 3*x + 6 = 4*c. What are the prime factors of x?
2
Let n = 37 - 25. Suppose 0*h + n = 3*t - 2*h, 5*h + 13 = -t. List the prime factors of t.
2
Suppose -i + 66 = w, 0 = 3*i - i + 5*w - 147. List the prime factors of i.
61
Let b(f) = -12*f**2 + 7*f**2 + 5*f**3 - 6*f**3 - 6 - 6*f. What are the prime factors of b(-5)?
2, 3
Let d = 97 - 38. What are the prime factors of d?
59
Let d(f) = 4*f**2 - 2*f + 3. List the prime factors of d(2).
3, 5
Let v be 1 - 1/(2/(-30)). Suppose p + 6 = v. List the prime factors of p.
2, 5
Suppose q + 0*q = 4. Let m be -1 + 2 + (12 - 1). Suppose 12 + m = q*n. List the prime factors of n.
2, 3
Let j(o) = 14*o**2 - 3*o - 12. List the prime factors of j(-4).
2, 7
Let k(l) = 17*l**2 + l. What are the prime factors of k(-1)?
2
Suppose 0*a + 16 = -2*a. List the prime factors of (-66)/a - (-4)/(-16).
2
Let z(f) = 11*f + 3. What are the prime factors of z(5)?
2, 29
Let b be 160/25 + 2/(-5). What are the prime factors of b/((-6)/2 + 4)?
2, 3
Let x be -3 + 3/((-12)/(-28)). Suppose -2*r = -3*r + 2*k + 32, -x*r = k - 92. What are the prime factors of r?
2, 3
Suppose -4*i = -5*d - 88, -2*i = -4*i - 3*d + 44. What are the prime factors of i?
2, 11
Suppose -5*t + 4*h + 274 = 0, -t - 42 = -2*t + 4*h. List the prime factors of t.
2, 29
Let b be (-24)/16*(-20)/6. Suppose -4*r - b = -1, 4*r - 26 = -5*o. List the prime factors of o.
2, 3
List the prime factors of 1 - (-3 - 164/4).
3, 5
Let d be (-2 - 8/(-2)) + -23. Let a = -1 + d. What are the prime factors of 4/22 - 128/a?
2, 3
Let c = 27 - 19. Suppose -v + 3 = q + 5, -5*v + c = -4*q. Suppose 0*h - 4*h + 8 = v. What are the prime factors of h?
2
List the prime factors of 2 - -24 - 3 - 1.
2, 11
Let f(v) = -v + 12. List the prime factors of f(6).
2, 3
Let u = 36 - 9. Let a = -19 + u. What are the prime factors of a?
2
Let h = -275 + 662. List the prime factors of h.
3, 43
Let w = -13 + 17. What are the prime factors of w/(-3)*21/(-2)?
2, 7
Let t(a) = -a**2 + 4*a. Let v be t(3). Suppose d = -b + 2*d + 5, -5*d + 23 = 3*b. Suppose 45 = 4*s + 3*p, -s - 36 = -b*s + v*p. What are the prime factors of s?
3
Suppose -4*o = 3*t + 93, 2*o - 5*o - 51 = -4*t. List the prime factors of (-2)/(-7) + (-687)/o.
3, 11
Suppose m = 5*m + 100. Suppose 3*y = 2*r + 14, -r - 2*y + 3 = -6*y. Let c = r - m. What are the prime factors of c?
2, 3
Suppose 21 + 46 = t. List the prime factors of t.
67
Let q = -9 - -16. What are the prime factors of q?
7
Let q(p) = 3*p**2 + 2*p. Suppose -2*m = 4 - 0. Let i be q(m). Suppose 0 = -0*g + 4*g - i. What are the prime factors of g?
2
Suppose -3*k + 7 = 3*b - 11, 0 = -5*b - 3*k + 26. Let v be (-10)/(-4) + 2/b. Let i(l) = -l**3 + 5*l**2 - 4*l - 1. List the prime factors of i(v).
5
Suppose -s - 4*v = -2*v - 55, -5*v + 49 = s. List the prime factors of s.
59
Let c(u) = u**3 - 4*u**2 + 4*u - 5. Suppose 2*o - 12 = 6*o. Let d be 2/((o/(-6))/1). List the prime factors of c(d).
11
Let g(c) = c**2 - 3*c + 3. What are the prime factors of g(6)?
3, 7
List the prime factors of -4 + ((-2)/(-6))/((-7)/(-1869)).
5, 17
Let g(s) = s**3 + 2*s**2 + 2*s + 1. Let q be g(-1). Suppose q = -3*v + 17 + 13. What are the prime factors of v?
2, 5
Let m = 29 + -21. What are the prime factors of (m/(-6))/(4/(-36))?
2, 3
Let u = 6 - 8. List the prime factors of (-2 + (u - -2))/(-1).
2
Let z(c) = c + 10. Let i be 2*5/(-2)*1. Let w be z(i). Let u = 1 + w. List the prime factors of u.
2, 3
Let r = 134 + -63. List the prime factors of r.
71
Let m = 106 + -57. List the prim